{"id":62,"date":"2023-02-27T13:48:31","date_gmt":"2023-02-27T13:48:31","guid":{"rendered":"https:\/\/hoteleria.distrihogar.com\/?page_id=62"},"modified":"2026-02-23T10:45:09","modified_gmt":"2026-02-23T15:45:09","slug":"nuestra-empresa","status":"publish","type":"page","link":"https:\/\/hoteleria.distrihogar.com\/hoteleria-prueba\/nuestra-empresa\/","title":{"rendered":"Nuestra Empresa"},"content":{"rendered":"<p>[et_pb_section fb_built=\u00bb1&#8243; fullwidth=\u00bbon\u00bb _builder_version=\u00bb4.20.0&#8243; _module_preset=\u00bbdefault\u00bb background_enable_video_mp4=\u00bboff\u00bb custom_padding=\u00bb||||false|false\u00bb global_colors_info=\u00bb{}\u00bb][et_pb_fullwidth_slider show_arrows=\u00bboff\u00bb show_pagination=\u00bboff\u00bb _builder_version=\u00bb4.27.4&#8243; _module_preset=\u00bbdefault\u00bb min_height=\u00bb286.1px\u00bb custom_padding=\u00bb111px|300px|86px|300px||\u00bb custom_padding_tablet=\u00bb50px|50px|0px|50px|false|false\u00bb custom_padding_phone=\u00bb10px|5px|0px|5px|false|false\u00bb custom_padding_last_edited=\u00bbon|phone\u00bb global_colors_info=\u00bb{}\u00bb][et_pb_slide heading=\u00bbNuestra Empresa\u00bb button_link=\u00bb#null\u00bb _builder_version=\u00bb4.27.4&#8243; _module_preset=\u00bbdefault\u00bb header_font=\u00bbLora||||||||\u00bb body_font=\u00bbMontserrat||||||||\u00bb background_color=\u00bbRGBA(255,255,255,0)\u00bb background_enable_color=\u00bbon\u00bb background_image=\u00bbhttps:\/\/hoteleria.distrihogar.com\/hoteleria-prueba\/wp-content\/uploads\/2024\/07\/nuesta-empresa.jpg\u00bb background_enable_image=\u00bbon\u00bb parallax=\u00bbon\u00bb text_orientation=\u00bbcenter\u00bb global_colors_info=\u00bb{}\u00bb button_text__hover_enabled=\u00bboff|desktop\u00bb sticky_transition=\u00bbon\u00bb]<\/p>\n<p><span style=\"font-size: x-large;\"><strong>Textiles de calidad para el descanso de tus hu\u00e9spedes.<\/strong><\/span><\/p>\n<p style=\"text-align: center;\"><span data-contrast=\"auto\" xml:lang=\"ES-ES\" lang=\"ES-ES\" class=\"TextRun SCXW242130961 BCX0\"><span class=\"NormalTextRun SCXW242130961 BCX0\">Somos una compa\u00f1\u00eda colombiana especializada en textiles para el sector hotelero e institucional, ofreciendo soluciones que garantizan el mejor descanso.<\/span><\/span><span class=\"EOP SCXW242130961 BCX0\" data-ccp-props=\"{}\">\u00a0<\/span><\/p>\n<p>[\/et_pb_slide][\/et_pb_fullwidth_slider][\/et_pb_section][et_pb_section fb_built=\u00bb1&#8243; _builder_version=\u00bb4.20.0&#8243; _module_preset=\u00bbdefault\u00bb background_color=\u00bb#6B6B6B\u00bb background_enable_video_mp4=\u00bboff\u00bb global_colors_info=\u00bb{}\u00bb][et_pb_row _builder_version=\u00bb4.20.0&#8243; _module_preset=\u00bbdefault\u00bb custom_padding=\u00bb1px||1px|||\u00bb global_colors_info=\u00bb{}\u00bb][et_pb_column type=\u00bb4_4&#8243; _builder_version=\u00bb4.20.0&#8243; _module_preset=\u00bbdefault\u00bb global_colors_info=\u00bb{}\u00bb][et_pb_video src=\u00bbhttps:\/\/youtu.be\/knLq7wcoqh0&#8243; image_src=\u00bbhttps:\/\/hoteleria.distrihogar.com\/hoteleria-prueba\/wp-content\/uploads\/2024\/07\/portada-video-nuestra-empresa.jpg\u00bb play_icon_color=\u00bb#FFFFFF\u00bb _builder_version=\u00bb4.26.0&#8243; _module_preset=\u00bbdefault\u00bb global_colors_info=\u00bb{}\u00bb][\/et_pb_video][\/et_pb_column][\/et_pb_row][\/et_pb_section][et_pb_section fb_built=\u00bb1&#8243; _builder_version=\u00bb4.20.0&#8243; _module_preset=\u00bbdefault\u00bb background_enable_image=\u00bboff\u00bb parallax=\u00bbon\u00bb background_blend=\u00bbsoft-light\u00bb min_height=\u00bb499.9px\u00bb background_last_edited=\u00bbon|desktop\u00bb background_position_phone=\u00bbbottom_left\u00bb global_colors_info=\u00bb{}\u00bb][et_pb_row column_structure=\u00bb1_3,2_3&#8243; _builder_version=\u00bb4.20.0&#8243; _module_preset=\u00bbdefault\u00bb global_colors_info=\u00bb{}\u00bb][et_pb_column type=\u00bb1_3&#8243; _builder_version=\u00bb4.20.0&#8243; _module_preset=\u00bbdefault\u00bb global_colors_info=\u00bb{}\u00bb][et_pb_image src=\u00bbhttps:\/\/hoteleria.distrihogar.com\/wp-content\/uploads\/2026\/02\/Recurso-1.webp\u00bb title_text=\u00bbRecurso-1&#8243; _builder_version=\u00bb4.27.4&#8243; _module_preset=\u00bbdefault\u00bb background_enable_image=\u00bboff\u00bb global_colors_info=\u00bb{}\u00bb][\/et_pb_image][\/et_pb_column][et_pb_column type=\u00bb2_3&#8243; _builder_version=\u00bb4.20.0&#8243; _module_preset=\u00bbdefault\u00bb global_colors_info=\u00bb{}\u00bb][et_pb_text _builder_version=\u00bb4.27.4&#8243; _module_preset=\u00bbdefault\u00bb text_font=\u00bbMontserrat||||||||\u00bb hover_enabled=\u00bb0&#8243; global_colors_info=\u00bb{}\u00bb sticky_enabled=\u00bb0&#8243;]<\/p>\n<h2 style=\"text-align: justify;\"><strong><span class=\"NormalTextRun SCXW10311265 BCX0\">Somos una compa\u00f1\u00eda colombiana..<\/span>.<\/strong><\/h2>\n<p><span data-contrast=\"auto\">Somos una compa\u00f1\u00eda colombiana experta en textiles para el descanso en el sector hotelero e institucional. M\u00e1s all\u00e1 de ofrecer productos, nos comprometemos a brindar un servicio integral con un equipo profesional capacitado para asesorarte en selecci\u00f3n de productos, cuidado y conservaci\u00f3n, tendencias, dise\u00f1o de camas y dotaci\u00f3n de espacios, y estrategias para nuevas aperturas.<\/span><span data-ccp-props=\"{}\">\u00a0<\/span><\/p>\n<p><span data-contrast=\"auto\">Contamos con un portafolio completo de colchones, s\u00e1banas, toallas, almohadas, manteler\u00eda y m\u00e1s, todos desarrollados con los m\u00e1s altos est\u00e1ndares de calidad. Nuestra infraestructura incluye maquinaria avanzada, un laboratorio de calidad y 12.000 m\u00b2 de almacenamiento, lo que nos permite ofrecer una operaci\u00f3n eficiente y gran capacidad de producci\u00f3n.<\/span><span data-ccp-props=\"{}\">\u00a0<\/span><\/p>\n<p>[\/et_pb_text][\/et_pb_column][\/et_pb_row][\/et_pb_section][et_pb_section fb_built=\u00bb1&#8243; _builder_version=\u00bb4.20.0&#8243; _module_preset=\u00bbdefault\u00bb custom_padding=\u00bb||0px|||\u00bb global_colors_info=\u00bb{}\u00bb][et_pb_row _builder_version=\u00bb4.20.0&#8243; _module_preset=\u00bbdefault\u00bb custom_padding=\u00bb5px||0px|||\u00bb global_colors_info=\u00bb{}\u00bb][et_pb_column type=\u00bb4_4&#8243; _builder_version=\u00bb4.20.0&#8243; _module_preset=\u00bbdefault\u00bb global_colors_info=\u00bb{}\u00bb][et_pb_text _builder_version=\u00bb4.27.4&#8243; _module_preset=\u00bbdefault\u00bb text_font=\u00bbMontserrat||||||||\u00bb header_font=\u00bbLora||||||||\u00bb custom_margin=\u00bb||-15px|||\u00bb custom_padding=\u00bb||0px|||\u00bb global_colors_info=\u00bb{}\u00bb]<\/p>\n<blockquote>\n<h1 class=\"cta-title mb-2\" style=\"text-align: center;\"><strong><span data-contrast=\"auto\" xml:lang=\"ES-ES\" lang=\"ES-ES\" class=\"TextRun SCXW198511582 BCX0\"><span class=\"NormalTextRun SCXW198511582 BCX0\">Nuestra empresa en cifras<\/span><\/span><\/strong><\/h1>\n<\/blockquote>\n<p>[\/et_pb_text][\/et_pb_column][\/et_pb_row][et_pb_row _builder_version=\u00bb4.20.2&#8243; _module_preset=\u00bbdefault\u00bb global_colors_info=\u00bb{}\u00bb][et_pb_column type=\u00bb4_4&#8243; _builder_version=\u00bb4.20.2&#8243; _module_preset=\u00bbdefault\u00bb global_colors_info=\u00bb{}\u00bb][et_pb_image src=\u00bbhttps:\/\/hoteleria.distrihogar.com\/hoteleria-prueba\/wp-content\/uploads\/2024\/08\/Recurso-1-8.png\u00bb alt=\u00bbCapacidades de produccion anual\u00bb title_text=\u00bbRecurso 1-8&#8243; align=\u00bbcenter\u00bb _builder_version=\u00bb4.27.4&#8243; _module_preset=\u00bbdefault\u00bb global_colors_info=\u00bb{}\u00bb][\/et_pb_image][\/et_pb_column][\/et_pb_row][et_pb_row _builder_version=\u00bb4.20.2&#8243; _module_preset=\u00bbdefault\u00bb global_colors_info=\u00bb{}\u00bb][et_pb_column type=\u00bb4_4&#8243; _builder_version=\u00bb4.20.2&#8243; _module_preset=\u00bbdefault\u00bb global_colors_info=\u00bb{}\u00bb][et_pb_divider color=\u00bb#474747&#8243; divider_weight=\u00bb2px\u00bb _builder_version=\u00bb4.20.2&#8243; _module_preset=\u00bbdefault\u00bb global_colors_info=\u00bb{}\u00bb][\/et_pb_divider][\/et_pb_column][\/et_pb_row][et_pb_row _builder_version=\u00bb4.20.0&#8243; _module_preset=\u00bbdefault\u00bb custom_padding=\u00bb5px||0px|||\u00bb global_colors_info=\u00bb{}\u00bb][et_pb_column type=\u00bb4_4&#8243; _builder_version=\u00bb4.20.0&#8243; _module_preset=\u00bbdefault\u00bb global_colors_info=\u00bb{}\u00bb][et_pb_text _builder_version=\u00bb4.27.4&#8243; _module_preset=\u00bbdefault\u00bb header_font=\u00bbLora||||||||\u00bb custom_margin=\u00bb||-15px|||\u00bb custom_padding=\u00bb||0px|||\u00bb global_colors_info=\u00bb{}\u00bb]<\/p>\n<blockquote>\n<h1 class=\"cta-title mb-2\" style=\"text-align: center;\"><strong>Opiniones de nuestros clientes<\/strong><\/h1>\n<\/blockquote>\n<p>[\/et_pb_text][\/et_pb_column][\/et_pb_row][et_pb_row column_structure=\u00bb3_5,2_5&#8243; _builder_version=\u00bb4.20.0&#8243; _module_preset=\u00bbdefault\u00bb min_height=\u00bb319.3px\u00bb global_colors_info=\u00bb{}\u00bb][et_pb_column type=\u00bb3_5&#8243; _builder_version=\u00bb4.20.0&#8243; _module_preset=\u00bbdefault\u00bb global_colors_info=\u00bb{}\u00bb][et_pb_video src=\u00bbhttps:\/\/youtu.be\/EEmTDs4N-Yk\u00bb _builder_version=\u00bb4.20.0&#8243; _module_preset=\u00bbdefault\u00bb global_colors_info=\u00bb{}\u00bb][\/et_pb_video][\/et_pb_column][et_pb_column type=\u00bb2_5&#8243; _builder_version=\u00bb4.20.0&#8243; _module_preset=\u00bbdefault\u00bb global_colors_info=\u00bb{}\u00bb][et_pb_slider _builder_version=\u00bb4.20.0&#8243; _module_preset=\u00bbdefault\u00bb global_colors_info=\u00bb{}\u00bb][et_pb_slide heading=\u00bbJuan Carlos Santos\u00bb _builder_version=\u00bb4.20.0&#8243; _module_preset=\u00bbdefault\u00bb header_font=\u00bb||||||||\u00bb background_color=\u00bbRGBA(255,255,255,0)\u00bb background_enable_color=\u00bbon\u00bb background_layout=\u00bblight\u00bb global_colors_info=\u00bb{}\u00bb sticky_transition=\u00bbon\u00bb]<\/p>\n<blockquote>\n<p><strong>Presidente de OWNESS IHG en LATAM,<br \/>Holiday Inn Quito.<\/strong><\/p>\n<p>\u00daltimo proyecto entregado:<br \/>Holiday inn Quito Aeropuerto.<br \/>A\u00f1o 2020, inagurado en Marzo 2021.<\/p>\n<\/blockquote>\n<p>[\/et_pb_slide][et_pb_slide heading=\u00bbJuan Carlos Santos\u00bb _builder_version=\u00bb4.20.0&#8243; _module_preset=\u00bbdefault\u00bb header_font=\u00bb||||||||\u00bb background_color=\u00bbRGBA(255,255,255,0)\u00bb background_enable_color=\u00bbon\u00bb background_layout=\u00bblight\u00bb global_colors_info=\u00bb{}\u00bb sticky_transition=\u00bbon\u00bb]<\/p>\n<blockquote>\n<p><strong>Presidente de OWNESS IHG en LATAM,<br \/>Holiday Inn Quito.<\/strong><\/p>\n<p>\u00daltimo proyecto entregado:<br \/>Holiday inn Quito Aeropuerto.<br \/>A\u00f1o 2020, inagurado en Marzo 2021.<\/p>\n<\/blockquote>\n<p>[\/et_pb_slide][et_pb_slide heading=\u00bbJuan Carlos Santos\u00bb _builder_version=\u00bb4.20.0&#8243; _module_preset=\u00bbdefault\u00bb header_font=\u00bb||||||||\u00bb background_color=\u00bbRGBA(255,255,255,0)\u00bb background_enable_color=\u00bbon\u00bb background_layout=\u00bblight\u00bb global_colors_info=\u00bb{}\u00bb sticky_transition=\u00bbon\u00bb]<\/p>\n<blockquote>\n<p><strong>Presidente de OWNESS IHG en LATAM,<br \/>Holiday Inn Quito.<\/strong><\/p>\n<p>\u00daltimo proyecto entregado:<br \/>Holiday inn Quito Aeropuerto.<br \/>A\u00f1o 2020, inagurado en Marzo 2021.<\/p>\n<\/blockquote>\n<p>[\/et_pb_slide][\/et_pb_slider][\/et_pb_column][\/et_pb_row][et_pb_row _builder_version=\u00bb4.20.0&#8243; _module_preset=\u00bbdefault\u00bb custom_padding=\u00bb25px||5px|||\u00bb global_colors_info=\u00bb{}\u00bb][et_pb_column type=\u00bb4_4&#8243; _builder_version=\u00bb4.20.0&#8243; _module_preset=\u00bbdefault\u00bb global_colors_info=\u00bb{}\u00bb][et_pb_divider color=\u00bb#6B6B6B\u00bb divider_weight=\u00bb2px\u00bb _builder_version=\u00bb4.20.0&#8243; _module_preset=\u00bbdefault\u00bb custom_padding=\u00bb||0px|||\u00bb global_colors_info=\u00bb{}\u00bb][\/et_pb_divider][\/et_pb_column][\/et_pb_row][\/et_pb_section][et_pb_section fb_built=\u00bb1&#8243; _builder_version=\u00bb4.20.0&#8243; _module_preset=\u00bbdefault\u00bb custom_padding=\u00bb18px||17px|||\u00bb global_colors_info=\u00bb{}\u00bb][et_pb_row _builder_version=\u00bb4.20.4&#8243; _module_preset=\u00bbdefault\u00bb global_colors_info=\u00bb{}\u00bb][et_pb_column type=\u00bb4_4&#8243; _builder_version=\u00bb4.20.0&#8243; _module_preset=\u00bbdefault\u00bb global_colors_info=\u00bb{}\u00bb][et_pb_text _builder_version=\u00bb4.27.4&#8243; _module_preset=\u00bbdefault\u00bb text_font=\u00bbMontserrat||||||||\u00bb header_font=\u00bbLora||||||||\u00bb max_width=\u00bb70%\u00bb module_alignment=\u00bbcenter\u00bb global_colors_info=\u00bb{}\u00bb]<\/p>\n<h1 style=\"text-align: center;\"><span data-contrast=\"auto\" xml:lang=\"ES-ES\" lang=\"ES-ES\" class=\"TextRun SCXW186128862 BCX0\"><span class=\"NormalTextRun SCXW186128862 BCX0\"><span>\u00a0<\/span><\/span><\/span><span data-contrast=\"auto\" xml:lang=\"ES-ES\" lang=\"ES-ES\" class=\"TextRun SCXW186128862 BCX0\"><span class=\"NormalTextRun SCXW186128862 BCX0\">Compromiso con la Sostenibilidad y la Calidad<\/span><\/span><span class=\"EOP SCXW186128862 BCX0\" data-ccp-props=\"{}\">\u00a0<\/span><\/h1>\n<ul>\n<li aria-setsize=\"-1\" data-leveltext=\"-\" data-font=\"Aptos\" data-listid=\"10\" data-list-defn-props=\"{&quot;335552541&quot;:1,&quot;335559685&quot;:720,&quot;335559991&quot;:360,&quot;469769226&quot;:&quot;Aptos&quot;,&quot;469769242&quot;:[8226],&quot;469777803&quot;:&quot;left&quot;,&quot;469777804&quot;:&quot;-&quot;,&quot;469777815&quot;:&quot;hybridMultilevel&quot;}\" data-aria-posinset=\"1\" data-aria-level=\"1\" style=\"text-align: justify;\"><span data-contrast=\"auto\">Este a\u00f1o, con el evaluador de sostenibilidad m\u00e1s grande y prestigioso del mundo,\u00a0EcoVadis, obtuvimos una calificaci\u00f3n de 63 puntos en la evaluaci\u00f3n 2025, lo que nos otorg\u00f3 la medalla de bronce, ubic\u00e1ndonos por encima del 65% de las empresas evaluadas en nuestro sector.<\/span><span data-ccp-props=\"{}\">\u00a0<\/span><\/li>\n<\/ul>\n<p style=\"text-align: justify;\"><span data-ccp-props=\"{&quot;335559685&quot;:720}\">\u00a0<\/span><\/p>\n<p style=\"text-align: justify;\"><span data-contrast=\"auto\">Adem\u00e1s, a trav\u00e9s de compras responsables, nos aseguramos de que, en nuestra cadena de suministro, nuestros proveedores cuenten con certificaciones de sostenibilidad y certificados de origen de las materias primas. Esto garantiza la calidad y la tranquilidad de usar productos libres de\u00a0Cruelty\u00a0Free y amigables con el planeta.<\/span><span data-ccp-props=\"{&quot;335559685&quot;:720}\">\u00a0<\/span><\/p>\n<p>[\/et_pb_text][\/et_pb_column][\/et_pb_row][et_pb_row _builder_version=\u00bb4.20.4&#8243; _module_preset=\u00bbdefault\u00bb global_colors_info=\u00bb{}\u00bb][et_pb_column type=\u00bb4_4&#8243; _builder_version=\u00bb4.20.4&#8243; _module_preset=\u00bbdefault\u00bb global_colors_info=\u00bb{}\u00bb][ba_logo_grid column_count=\u00bb6&#8243; logo_size=\u00bb120px\u00bb _builder_version=\u00bb4.27.4&#8243; _module_preset=\u00bbdefault\u00bb hover_enabled=\u00bb0&#8243; global_colors_info=\u00bb{}\u00bb sticky_enabled=\u00bb0&#8243;][ba_logo_grid_child logo_url=\u00bbhttps:\/\/hoteleria.distrihogar.com\/wp-content\/uploads\/2026\/02\/Logo-sosteniblidad-Eco.png\u00bb _builder_version=\u00bb4.27.4&#8243; _module_preset=\u00bbdefault\u00bb hover_enabled=\u00bb0&#8243; global_colors_info=\u00bb{}\u00bb title_text=\u00bbLogo sosteniblidad Eco\u00bb sticky_enabled=\u00bb0&#8243;][\/ba_logo_grid_child][ba_logo_grid_child logo_url=\u00bbhttps:\/\/hoteleria.distrihogar.com\/hoteleria-prueba\/wp-content\/uploads\/2023\/03\/LogoOekotex@4x-8.png\u00bb brand_name=\u00bbOekoTex\u00bb _builder_version=\u00bb4.20.4&#8243; _module_preset=\u00bbdefault\u00bb global_colors_info=\u00bb{}\u00bb][\/ba_logo_grid_child][ba_logo_grid_child logo_url=\u00bbhttps:\/\/hoteleria.distrihogar.com\/hoteleria-prueba\/wp-content\/uploads\/2023\/03\/logoGots@4x-8.png\u00bb brand_name=\u00bbGOT\u00bb _builder_version=\u00bb4.20.4&#8243; _module_preset=\u00bbdefault\u00bb global_colors_info=\u00bb{}\u00bb][\/ba_logo_grid_child][ba_logo_grid_child logo_url=\u00bbhttps:\/\/hoteleria.distrihogar.com\/hoteleria-prueba\/wp-content\/uploads\/2023\/03\/LogoDownPass@4x-8.png\u00bb brand_name=\u00bbDown Pass\u00bb _builder_version=\u00bb4.20.4&#8243; _module_preset=\u00bbdefault\u00bb global_colors_info=\u00bb{}\u00bb][\/ba_logo_grid_child][ba_logo_grid_child logo_url=\u00bbhttps:\/\/hoteleria.distrihogar.com\/hoteleria-prueba\/wp-content\/uploads\/2023\/03\/logoEGypt@4x-8.png\u00bb brand_name=\u00bbEgyptian Cotton\u00bb _builder_version=\u00bb4.20.4&#8243; _module_preset=\u00bbdefault\u00bb global_colors_info=\u00bb{}\u00bb][\/ba_logo_grid_child][ba_logo_grid_child logo_url=\u00bbhttps:\/\/hoteleria.distrihogar.com\/hoteleria-prueba\/wp-content\/uploads\/2023\/03\/logoEko@4x-8.png\u00bb brand_name=\u00bbEko\u00bb _builder_version=\u00bb4.20.4&#8243; _module_preset=\u00bbdefault\u00bb global_colors_info=\u00bb{}\u00bb][\/ba_logo_grid_child][\/ba_logo_grid][\/et_pb_column][\/et_pb_row][\/et_pb_section]<\/p>\n","protected":false},"excerpt":{"rendered":"<p>Textiles de calidad para el descanso de tus hu\u00e9spedes. Somos una compa\u00f1\u00eda colombiana especializada en textiles para el sector hotelero e institucional, ofreciendo soluciones que garantizan el mejor descanso.\u00a0Somos una compa\u00f1\u00eda colombiana&#8230; Somos una compa\u00f1\u00eda colombiana experta en textiles para el descanso en el sector hotelero e institucional. M\u00e1s all\u00e1 de ofrecer productos, nos comprometemos [&hellip;]<\/p>\n","protected":false},"author":2,"featured_media":0,"parent":0,"menu_order":0,"comment_status":"closed","ping_status":"closed","template":"","meta":{"_et_pb_use_builder":"on","_et_pb_old_content":"","_et_gb_content_width":"","content-type":"","footnotes":""},"class_list":["post-62","page","type-page","status-publish","hentry"],"yoast_head":"<!-- This site is optimized with the Yoast SEO plugin v26.2 - https:\/\/yoast.com\/wordpress\/plugins\/seo\/ -->\n<title>Nuestra Empresa - Hoteleria Distrihogar<\/title>\n<meta name=\"robots\" content=\"index, follow, max-snippet:-1, max-image-preview:large, max-video-preview:-1\" \/>\n<link rel=\"canonical\" href=\"https:\/\/hoteleria.distrihogar.com\/nuestra-empresa\/\" \/>\n<meta property=\"og:locale\" content=\"es_ES\" \/>\n<meta property=\"og:type\" content=\"article\" \/>\n<meta property=\"og:title\" content=\"Nuestra Empresa - Hoteleria Distrihogar\" \/>\n<meta property=\"og:description\" content=\"Textiles de calidad para el descanso de tus hu\u00e9spedes. Somos una compa\u00f1\u00eda colombiana especializada en textiles para el sector hotelero e institucional, ofreciendo soluciones que garantizan el mejor descanso.\u00a0Somos una compa\u00f1\u00eda colombiana... Somos una compa\u00f1\u00eda colombiana experta en textiles para el descanso en el sector hotelero e institucional. M\u00e1s all\u00e1 de ofrecer productos, nos comprometemos [&hellip;]\" \/>\n<meta property=\"og:url\" content=\"https:\/\/hoteleria.distrihogar.com\/nuestra-empresa\/\" \/>\n<meta property=\"og:site_name\" content=\"Hoteleria Distrihogar\" \/>\n<meta property=\"article:modified_time\" content=\"2026-02-23T15:45:09+00:00\" \/>\n<meta name=\"twitter:card\" content=\"summary_large_image\" \/>\n<meta name=\"twitter:label1\" content=\"Tiempo de lectura\" \/>\n\t<meta name=\"twitter:data1\" content=\"8 minutos\" \/>\n<script type=\"application\/ld+json\" class=\"yoast-schema-graph\">{\"@context\":\"https:\/\/schema.org\",\"@graph\":[{\"@type\":\"WebPage\",\"@id\":\"https:\/\/hoteleria.distrihogar.com\/nuestra-empresa\/\",\"url\":\"https:\/\/hoteleria.distrihogar.com\/nuestra-empresa\/\",\"name\":\"Nuestra Empresa - Hoteleria Distrihogar\",\"isPartOf\":{\"@id\":\"https:\/\/hoteleria.distrihogar.com\/#website\"},\"datePublished\":\"2023-02-27T13:48:31+00:00\",\"dateModified\":\"2026-02-23T15:45:09+00:00\",\"breadcrumb\":{\"@id\":\"https:\/\/hoteleria.distrihogar.com\/nuestra-empresa\/#breadcrumb\"},\"inLanguage\":\"es\",\"potentialAction\":[{\"@type\":\"ReadAction\",\"target\":[\"https:\/\/hoteleria.distrihogar.com\/nuestra-empresa\/\"]}]},{\"@type\":\"BreadcrumbList\",\"@id\":\"https:\/\/hoteleria.distrihogar.com\/nuestra-empresa\/#breadcrumb\",\"itemListElement\":[{\"@type\":\"ListItem\",\"position\":1,\"name\":\"Inicio\",\"item\":\"https:\/\/hoteleria.distrihogar.com\/\"},{\"@type\":\"ListItem\",\"position\":2,\"name\":\"Nuestra Empresa\"}]},{\"@type\":\"WebSite\",\"@id\":\"https:\/\/hoteleria.distrihogar.com\/#website\",\"url\":\"https:\/\/hoteleria.distrihogar.com\/\",\"name\":\"Hoteleria Distrihogar\",\"description\":\"Dotaci&oacute;n Institucional Hotelera\",\"publisher\":{\"@id\":\"https:\/\/hoteleria.distrihogar.com\/#organization\"},\"potentialAction\":[{\"@type\":\"SearchAction\",\"target\":{\"@type\":\"EntryPoint\",\"urlTemplate\":\"https:\/\/hoteleria.distrihogar.com\/?s={search_term_string}\"},\"query-input\":{\"@type\":\"PropertyValueSpecification\",\"valueRequired\":true,\"valueName\":\"search_term_string\"}}],\"inLanguage\":\"es\"},{\"@type\":\"Organization\",\"@id\":\"https:\/\/hoteleria.distrihogar.com\/#organization\",\"name\":\"Hoteleria Distrihogar\",\"alternateName\":\"hoteleria.distrihogar.com\",\"url\":\"https:\/\/hoteleria.distrihogar.com\/\",\"logo\":{\"@type\":\"ImageObject\",\"inLanguage\":\"es\",\"@id\":\"https:\/\/hoteleria.distrihogar.com\/#\/schema\/logo\/image\/\",\"url\":\"https:\/\/hoteleria.distrihogar.com\/wp-content\/uploads\/2023\/02\/LogoDhHotel-horz.png\",\"contentUrl\":\"https:\/\/hoteleria.distrihogar.com\/wp-content\/uploads\/2023\/02\/LogoDhHotel-horz.png\",\"width\":300,\"height\":41,\"caption\":\"Hoteleria Distrihogar\"},\"image\":{\"@id\":\"https:\/\/hoteleria.distrihogar.com\/#\/schema\/logo\/image\/\"}}]}<\/script>\n<!-- \/ Yoast SEO plugin. -->","yoast_head_json":{"title":"Nuestra Empresa - Hoteleria Distrihogar","robots":{"index":"index","follow":"follow","max-snippet":"max-snippet:-1","max-image-preview":"max-image-preview:large","max-video-preview":"max-video-preview:-1"},"canonical":"https:\/\/hoteleria.distrihogar.com\/nuestra-empresa\/","og_locale":"es_ES","og_type":"article","og_title":"Nuestra Empresa - Hoteleria Distrihogar","og_description":"Textiles de calidad para el descanso de tus hu\u00e9spedes. Somos una compa\u00f1\u00eda colombiana especializada en textiles para el sector hotelero e institucional, ofreciendo soluciones que garantizan el mejor descanso.\u00a0Somos una compa\u00f1\u00eda colombiana... Somos una compa\u00f1\u00eda colombiana experta en textiles para el descanso en el sector hotelero e institucional. M\u00e1s all\u00e1 de ofrecer productos, nos comprometemos [&hellip;]","og_url":"https:\/\/hoteleria.distrihogar.com\/nuestra-empresa\/","og_site_name":"Hoteleria Distrihogar","article_modified_time":"2026-02-23T15:45:09+00:00","twitter_card":"summary_large_image","twitter_misc":{"Tiempo de lectura":"8 minutos"},"schema":{"@context":"https:\/\/schema.org","@graph":[{"@type":"WebPage","@id":"https:\/\/hoteleria.distrihogar.com\/nuestra-empresa\/","url":"https:\/\/hoteleria.distrihogar.com\/nuestra-empresa\/","name":"Nuestra Empresa - Hoteleria Distrihogar","isPartOf":{"@id":"https:\/\/hoteleria.distrihogar.com\/#website"},"datePublished":"2023-02-27T13:48:31+00:00","dateModified":"2026-02-23T15:45:09+00:00","breadcrumb":{"@id":"https:\/\/hoteleria.distrihogar.com\/nuestra-empresa\/#breadcrumb"},"inLanguage":"es","potentialAction":[{"@type":"ReadAction","target":["https:\/\/hoteleria.distrihogar.com\/nuestra-empresa\/"]}]},{"@type":"BreadcrumbList","@id":"https:\/\/hoteleria.distrihogar.com\/nuestra-empresa\/#breadcrumb","itemListElement":[{"@type":"ListItem","position":1,"name":"Inicio","item":"https:\/\/hoteleria.distrihogar.com\/"},{"@type":"ListItem","position":2,"name":"Nuestra Empresa"}]},{"@type":"WebSite","@id":"https:\/\/hoteleria.distrihogar.com\/#website","url":"https:\/\/hoteleria.distrihogar.com\/","name":"Hoteleria Distrihogar","description":"Dotaci&oacute;n Institucional Hotelera","publisher":{"@id":"https:\/\/hoteleria.distrihogar.com\/#organization"},"potentialAction":[{"@type":"SearchAction","target":{"@type":"EntryPoint","urlTemplate":"https:\/\/hoteleria.distrihogar.com\/?s={search_term_string}"},"query-input":{"@type":"PropertyValueSpecification","valueRequired":true,"valueName":"search_term_string"}}],"inLanguage":"es"},{"@type":"Organization","@id":"https:\/\/hoteleria.distrihogar.com\/#organization","name":"Hoteleria Distrihogar","alternateName":"hoteleria.distrihogar.com","url":"https:\/\/hoteleria.distrihogar.com\/","logo":{"@type":"ImageObject","inLanguage":"es","@id":"https:\/\/hoteleria.distrihogar.com\/#\/schema\/logo\/image\/","url":"https:\/\/hoteleria.distrihogar.com\/wp-content\/uploads\/2023\/02\/LogoDhHotel-horz.png","contentUrl":"https:\/\/hoteleria.distrihogar.com\/wp-content\/uploads\/2023\/02\/LogoDhHotel-horz.png","width":300,"height":41,"caption":"Hoteleria Distrihogar"},"image":{"@id":"https:\/\/hoteleria.distrihogar.com\/#\/schema\/logo\/image\/"}}]}},"jetpack_sharing_enabled":true,"_links":{"self":[{"href":"https:\/\/hoteleria.distrihogar.com\/hoteleria-prueba\/wp-json\/wp\/v2\/pages\/62","targetHints":{"allow":["GET"]}}],"collection":[{"href":"https:\/\/hoteleria.distrihogar.com\/hoteleria-prueba\/wp-json\/wp\/v2\/pages"}],"about":[{"href":"https:\/\/hoteleria.distrihogar.com\/hoteleria-prueba\/wp-json\/wp\/v2\/types\/page"}],"author":[{"embeddable":true,"href":"https:\/\/hoteleria.distrihogar.com\/hoteleria-prueba\/wp-json\/wp\/v2\/users\/2"}],"replies":[{"embeddable":true,"href":"https:\/\/hoteleria.distrihogar.com\/hoteleria-prueba\/wp-json\/wp\/v2\/comments?post=62"}],"version-history":[{"count":22,"href":"https:\/\/hoteleria.distrihogar.com\/hoteleria-prueba\/wp-json\/wp\/v2\/pages\/62\/revisions"}],"predecessor-version":[{"id":2659,"href":"https:\/\/hoteleria.distrihogar.com\/hoteleria-prueba\/wp-json\/wp\/v2\/pages\/62\/revisions\/2659"}],"wp:attachment":[{"href":"https:\/\/hoteleria.distrihogar.com\/hoteleria-prueba\/wp-json\/wp\/v2\/media?parent=62"}],"curies":[{"name":"wp","href":"https:\/\/api.w.org\/{rel}","templated":true}]}}